{"id":336,"date":"2024-10-28T19:41:42","date_gmt":"2024-10-28T18:41:42","guid":{"rendered":"https:\/\/projektrumunia.pl\/sklep\/?post_type=product&#038;p=336"},"modified":"2026-05-01T13:38:34","modified_gmt":"2026-05-01T11:38:34","slug":"przewodnik-oczywiscie-ze-rumunia-marmarosz-bukowina-i-okolice","status":"publish","type":"product","link":"https:\/\/projektrumunia.pl\/sklep\/produkt\/przewodnik-oczywiscie-ze-rumunia-marmarosz-bukowina-i-okolice\/","title":{"rendered":"PRZEWODNIK &#8222;Oczywi\u015bcie, \u017ce Rumunia! Marmarosz, Bukowina i okolice&#8221;"},"content":{"rendered":"<p>Marmarosz (rum. <em>Maramure\u0219<\/em>) i Bukowina (rum. <em>Bucovina<\/em>) to tereny pe\u0142ne ciekawych tradycji, folkloru i r\u00f3\u017cnorodno\u015bci. To tutaj zobaczysz s\u0142ynny Weso\u0142y Cmentarz, wyruszysz na wycieczk\u0119 kolejk\u0105 w\u0105skotorow\u0105 z parowozem, wejdziesz do XVIII-wiecznej drewnianej cerkwi, odwiedzisz tereny zamieszkiwane przez Poloni\u0119 i obejrzysz z bliska malowane monastyry wpisane na list\u0119 \u015bwiatowego dziedzictwa UNESCO. \u00a0A wszystko to w\u015br\u00f3d pi\u0119knych krajobraz\u00f3w, do kt\u00f3rych prowadz\u0105 ekscytuj\u0105ce drogi pe\u0142ne serpentyn.<\/p>\n<p>W przewodniku znajdziesz informacje o sprawdzonych trasach, liczne ciekawostki oraz wiele cennych wskaz\u00f3wek, kt\u00f3re u\u0142atwi\u0105 Ci podr\u00f3\u017cowanie do wybranych obiekt\u00f3w. <span style=\"color: #000000;\"><strong>Zabierz wi\u0119c go ze sob\u0105, zapakuj niezb\u0119dne rzeczy, zatankuj maszyn\u0119 i \u015bmia\u0142o ruszaj \u2013 przygoda czeka!<\/strong><\/span><\/p>\n<p>Historyczne opisy s\u0105 skr\u00f3cone, a specjalnie dobrane w\u0105tki maj\u0105 na celu zainteresowa\u0107 czytelnika i nakre\u015bli\u0107 t\u0142o.\u00a0 Dodatkowym atutem przewodnika s\u0105 ciekawostki kulturowe, kt\u00f3re warto pozna\u0107 podr\u00f3\u017cuj\u0105c po Rumunii. R\u0119cznie rysowane mapki dodaj\u0105 publikacji niepowtarzalnego charakteru.<\/p>\n<p>A je\u015bli potrzebujesz wi\u0119cej informacji o przewodniku &#8222;Oczywi\u015bcie, \u017ce Rumunia! Marmarosz, Bukowina i okolice&#8221;, kliknij tu: <a href=\"https:\/\/projektrumunia.pl\/przewodnik-maramures-bukowina\" target=\"_blank\" rel=\"noopener\">projektrumunia.pl\/przewodnik-maramures-bukowina<\/a> albo napisz do mnie maila.<\/p>\n","protected":false},"excerpt":{"rendered":"<p><em>[najni\u017csza cena z ostatnich 30 dni: 67 z\u0142]<\/em><\/p>\n<p>Przewodnik po p\u00f3\u0142nocnej cz\u0119\u015bci Rumunii (Marmarosz, Bukowina i okolice). Dost\u0119pny wy\u0142\u0105cznie w wersji papierowej.<\/p>\n<p><strong>Poznaj dwa niezwyk\u0142e i malownicze regiony Rumunii!<\/strong><\/p>\n<p>A\u017c 205 stron wiedzy i do\u015bwiadczenia, ciekawe miejsca zobrazowane licznymi zdj\u0119ciami. Przewodnik jest spi\u0119ty <strong>spiral\u0105<\/strong> (bia\u0142\u0105), by u\u0142atwi\u0107 korzystanie z niego w podr\u00f3\u017cy. Przy opisach obiekt\u00f3w znajdziesz <strong>kody QR<\/strong>, kt\u00f3re po zeskanowaniu telefonem przenios\u0105 Ci\u0119 do konkretnego miejsca na mapie. W przewodniku jest du\u017co <strong>praktycznych informacji i wskaz\u00f3wek<\/strong>. Dotycz\u0105 one m.in. organizacji, parkowania, cen, zakupu bilet\u00f3w, czasu zwiedzania. Znajdziesz tam tak\u017ce <strong>wymow\u0119 nazw<\/strong> miejscowo\u015bci oraz<strong> quiz<\/strong> z pytaniami na temat Rumunii. W \u015brodku mo\u017cesz te\u017c opisa\u0107 <strong>sw\u00f3j plan podr\u00f3\u017cy<\/strong> w specjalnie przygotowanej tabelce. Do ka\u017cdego egzemplarza jest do\u0142\u0105czona <strong>zak\u0142adka<\/strong> zawieszona na tasiemce (zielonej lub niebieskiej &#8211; losowo) oraz <strong>koperta<\/strong> (w r\u00f3\u017cnych kolorach i kszta\u0142tach &#8211; losowo) na drobne pami\u0105tki, bilety czy widok\u00f3wki &#8211; obydwa te elementy s\u0105 wklejane r\u0119cznie do ka\u017cdego egzemplarza.<\/p>\n<p><strong><span style=\"color: #ff0000;\">Nak\u0142ad pierwszego wydania zosta\u0142 wyczerpany.<\/span> W ofercie sklepu pozostaje praktyczny poradnik z gotowym planem wyjazdu <a href=\"https:\/\/projektrumunia.pl\/sklep\/produkt\/niezbednik\/\" target=\"_blank\" rel=\"noopener\">&#8222;Jad\u0119 do Rumunii! Niezb\u0119dnik dobrej podr\u00f3\u017cy&#8221;<\/a>.<\/strong><\/p>\n","protected":false},"featured_media":567,"template":"","meta":[],"product_brand":[],"product_cat":[18],"product_tag":[39,24,38,32],"class_list":{"0":"post-336","1":"product","2":"type-product","3":"status-publish","4":"has-post-thumbnail","6":"product_cat-ksiazka","7":"product_tag-rumunia-motocyklem","8":"product_tag-rumunia-przewodnik","9":"product_tag-rumunia-samochodem","10":"product_tag-rumunia-wakacje","12":"first","13":"outofstock","14":"taxable","15":"shipping-taxable","16":"purchasable","17":"product-type-simple"},"_links":{"self":[{"href":"https:\/\/projektrumunia.pl\/sklep\/wp-json\/wp\/v2\/product\/336","targetHints":{"allow":["GET"]}}],"collection":[{"href":"https:\/\/projektrumunia.pl\/sklep\/wp-json\/wp\/v2\/product"}],"about":[{"href":"https:\/\/projektrumunia.pl\/sklep\/wp-json\/wp\/v2\/types\/product"}],"wp:featuredmedia":[{"embeddable":true,"href":"https:\/\/projektrumunia.pl\/sklep\/wp-json\/wp\/v2\/media\/567"}],"wp:attachment":[{"href":"https:\/\/projektrumunia.pl\/sklep\/wp-json\/wp\/v2\/media?parent=336"}],"wp:term":[{"taxonomy":"product_brand","embeddable":true,"href":"https:\/\/projektrumunia.pl\/sklep\/wp-json\/wp\/v2\/product_brand?post=336"},{"taxonomy":"product_cat","embeddable":true,"href":"https:\/\/projektrumunia.pl\/sklep\/wp-json\/wp\/v2\/product_cat?post=336"},{"taxonomy":"product_tag","embeddable":true,"href":"https:\/\/projektrumunia.pl\/sklep\/wp-json\/wp\/v2\/product_tag?post=336"}],"curies":[{"name":"wp","href":"https:\/\/api.w.org\/{rel}","templated":true}]}}